n - 3*l + l = 20, 18 = 2*n + l. Determine z(n).
1
Let y(i) = i**2 + 7*i - 2. Let s = 9 - 24. Let k be ((-6)/9)/(1 + 13/s). What is y(k)?
-12
Suppose -2*u - 2*j - 2 = 0, -20*u + 2*j = -17*u + 13. Let i(o) = -o**3 - 4*o**2 + o - 2. Calculate i(u).
-14
Let s(r) be the second derivative of r**5/20 + r**4 - r**3/6 - 15*r**2/2 - 7*r - 8. Give s(-12).
-3
Let f(v) = 2*v - 7. Suppose 0 = -t - 0*t + 4*t. What is f(t)?
-7
Let c(d) be the third derivative of d**6/40 + d**5/4 - d**4/24 - d**3 + 24*d**2 + 4*d. What is c(-5)?
-1
Let v(r) be the first derivative of -r**4/4 - 2*r**3 + 4*r**2 + 4*r + 29. Let o = -19 - -21. Let u be 2*(7/o)/(-1). Determine v(u).
-3
Let r = 6 - 8. Let d be ((-10)/(-35))/(r/(-14)). Let m(b) = 4*b - 2. Give m(d).
6
Let b(t) = 33*t + 10. Let a(m) = -47*m - 11. Let d(n) = 2*a(n) + 3*b(n). Let p(v) = -v**3 + v**2 - 6. Let x be p(0). What is d(x)?
-22
Let o(n) = -6*n - 1539 + n**2 + 1538 + 0*n**2. Let i = 6 - 0. Give o(i).
-1
Let n(x) = -x**3 - 5*x**2 - 6*x - 6. Let y be n(-4). Suppose -m - m - f + 12 = 0, 2*m - 12 = -y*f. Let d(i) = -1905*i + 6 - i**2 - 3 + 1910*i. Give d(m).
-3
Let h(d) be the first derivative of -3*d**3 - 1/4*d**4 - 9/2*d**2 - 22 - 12*d. Give h(-8).
-4
Let l(v) = 2*v**3 - 2 - 16*v**2 - 3*v**3 + 0*v**3 + 0*v**3 + 4*v + 13*v**2. Determine l(-4).
-2
Let z(v) = -v**2 + 4*v + 7. Let j be z(5). Let c(n) = -n + 1 + 4 - 1 - j. Determine c(6).
-4
Let q(x) = -x**3 + 4*x**2 - 2*x. Let c be -6*-5*(-1)/(-3). Let t = -22 + c. Let f be (-1 - t/8)*6. Calculate q(f).
3
Let o(c) = 4*c + 5. Suppose -5*h + 17 = -g + 3*g, 4*h - 16 = -2*g. Calculate o(g).
29
Let x(c) = -2*c**2 + 10*c + 8. Let s be x(-4). Let b = s + 65. Let v(i) = -5*i + 1. Give v(b).
-4
Let z(h) = 17*h**3 - 5*h**2 - 5*h - 10. Let n(j) = 2*j**3 + j**2 + j + 2. Let k(p) = -5*n(p) - z(p). Determine k(1).
-27
Let a(o) = -o**2. Let r = -7 - -10. Let c be 1 - (r - 16/4). What is a(c)?
-4
Let j(o) = -o**3 - 5*o**2 - o - 7. Let u(g) = 5*g**2 - g. Let y(x) = -j(x) - 2*u(x). Suppose -3*a + 0*a + 15 = 0. What is y(a)?
22
Let n(p) = -6 - 4 + 20 + 10*p - 1 - 6. Give n(-3).
-27
Suppose 3*j - 3*z = -21, 0*j + z = -3*j - 17. Let u(n) = 0 + 15*n**2 + 1 - 16*n**2 - 2. Let w(t) = t**3 + 9*t**2 - 6*t. Let f(l) = j*u(l) - w(l). What is f(-4)?
-2
Let w(v) = 6*v - 3. Let f(j) = 5*j - 4. Let l(x) = -7*x + 5. Let c(u) = -2*f(u) - 3*l(u). Let r(k) = -2*c(k) + 5*w(k). Determine r(-2).
-17
Let j(h) = -h + 3 - 1 + 0 + 2. Let o = 44 + -39. Suppose 5*i - 5*c - o = -0*i, -3*c + 12 = 0. Calculate j(i).
-1
Suppose -m - 1 = 2*y + y, 4*m - 3*y = 11. Suppose -m*l + 14 = -4. Let i(j) = -j**3 + 10*j**2 - 9*j - 7. Give i(l).
-7
Let g = 8 + -20. Let u = -10 - g. Let x(b) = 4*b - 3*b + b**u + b + b - 2. Give x(-5).
8
Let r(p) = p**3 - 14*p**2 - 16*p + 13. Let j(n) = -n**2 + 13*n - 15. Let f be j(10). Let q be r(f). Let x(u) = -2*u**2 - 2*u - 1. Calculate x(q).
-5
Let o(j) = -j**2 - 2*j + 2. Let k = 22 - 30. Let n = -5 - k. Let d = n + -5. Determine o(d).
2
Let h(l) = -7*l - 5 + 2*l**2 + 2*l**2 - 5*l**2. Let u = 76 + -82. Determine h(u).
1
Let v(i) be the first derivative of 2*i**2 + 4. Suppose -3*d = -2*s - 8*d - 61, -100 = 3*s - d. Let u = s + 31. Calculate v(u).
-8
Let t be (-13)/2 - 3/(-2). Let q(r) = 20*r**3 + 3*r**2 + 9*r - 7. Let a(v) = 10*v**3 + v**2 + 4*v - 3. Let j(n) = t*a(n) + 2*q(n). Calculate j(1).
-10
Let c be ((-3)/((-36)/(-8)))/((-2)/6). Let j(u) = 23*u - 42. Determine j(c).
4
Let c(h) be the first derivative of h**3/6 + 2*h**2 + 18*h + 3. Let x(p) be the first derivative of c(p). Determine x(3).
7
Suppose -255 = -6*c - 69. Suppose 7 - c = 5*n - 2*j, 0 = -5*j - 15. Let t(k) = -4*k - 1 - 1 + k**2 + 7*k. Give t(n).
16
Let j(w) = -w**3 - 12*w**2 + 3*w + 19. Let s = -2936 + 2924. Calculate j(s).
-17
Let x(o) be the second derivative of o**5/30 + o**4/24 - 3*o**3/2 - 5*o. Let i(k) be the second derivative of x(k). Determine i(2).
9
Let x(s) = s**2 - 4*s + 5. Let i be x(4). Let h(n) = -10*n - n**3 - 3 + 17*n - 5*n**2 + i. Give h(-6).
-4
Let o(i) = -3*i - 244 - i + 243. Let h(c) = 11*c + 1. Let u(j) = 3*h(j) + 8*o(j). What is u(8)?
3
Suppose -63*z + 71*z = -24. Let y(u) = u**2 + 7*u + 5. Calculate y(z).
-7
Let u(p) = -14*p**2 + 16*p - 11. Let s(z) = -5*z**2 + 5*z - 4. Let w(c) = 11*s(c) - 4*u(c). Give w(7).
-14
Let h(n) = -2 - n + 2*n - 4*n. Let x = -2456 - -2451. What is h(x)?
13
Let p = 506 + -508. Let r(v) = 3*v - 2. Determine r(p).
-8
Let j = 38 - 23. Let d be 10/(-3) + 5/j. Let q be ((-12)/(-8))/(d/8). Let n(w) = -3*w - 1. What is n(q)?
11
Let a(y) = y**2 + 5*y - 2. Let j be -2*4/16*2. Let q be (1 - 0 - 6) + 1. Let f = q - j. What is a(f)?
-8
Let b(h) = -2*h - 7. Let q(u) = u + 4. Let o(a) = 3*b(a) + 5*q(a). Suppose 5*p = 2*p - 6, 2 = -2*x + 2*p. Give o(x).
2
Let a = -493 - -482. Let q(r) = 3*r + 9. Determine q(a).
-24
Let q(a) = a**3 - 4*a**2 - 3*a + 10. Suppose -6*v - 6 + 18 = 0. Let f(p) = p**3 - 4*p**2 - 4*p + 9. Let u(c) = v*q(c) - 3*f(c). Give u(5).
-2
Let n = -30 - -41. Let g(y) = y**2 + 2*y + 1. Let z(l) = 6*l**2 + 11*l + 6. Let k(s) = n*g(s) - 2*z(s). Let b be (28/21)/(4/(-6)). Give k(b).
-5
Let c(u) = 4*u - u + u**2 - 8*u + 4*u. Let s(a) = -a**3 - a**2 + 2. Let d(z) = -2*c(z) + s(z). Determine d(-2).
-6
Let x(z) = -10*z**2 - 3*z + 3. Let a(h) = h**3 - 36*h**2 + 38*h - 103. Let r be a(35). Determine x(r).
-43
Let b(v) = -v**3 + 4*v**2 - 2*v + 2. Suppose 5*x = 19 + 1. Let d be b(x). Let i(q) = q**2 + 7*q + 2. Let n be i(d). Let a(p) = -4*p - 6. Calculate a(n).
10
Let o(j) be the third derivative of 1/12*j**4 + 1/6*j**3 + 0*j + 0 + 2*j**2. Let m(w) = w**3 - 3*w**2 + 35*w - 108. Let y be m(3). Determine o(y).
-5
Suppose 212*c = 209*c + 3. Let n(s) = 14*s - 1. Determine n(c).
13
Let v(u) = -25 + 10 - 6*u - u**2 + 3*u + 2*u + 11. Calculate v(-5).
-24
Suppose 3*d - 7 - 5 = 0, g - 4*d + 16 = 0. Suppose -20*w + 9*w + 66 = g. Let r(j) = j**3 - 6*j**2 + 3*j - 4. What is r(w)?
14
Let u(d) = -d**2 + 4*d - 1. Let j be u(4). Let i(z) = 4*z**2 - z - 1. Let f be i(j). Let r(q) = 1 - 381*q**2 + 4*q + q + 380*q**2. What is r(f)?
5
Let j(b) = -68*b + 3. Let t(i) = -125*i + 6. Let n(z) = 11*j(z) - 6*t(z). Suppose h = -h - 32. Let w = h + 22. Calculate n(w).
9
Suppose -7 = -5*i + 13. Let k(m) = 11*m - 21*m + i + 8*m. Calculate k(3).
-2
Let a(t) = 4*t**2 + 8*t + 1. Let o be (8/10)/(6/(-45)). Let s = 9 + o. Let q(k) = -3*k**2 - 7*k - 1. Let c(l) = s*q(l) + 2*a(l). Give c(-4).
3
Let t(s) = 2*s - 4. Let x be (0 + -2)/(6/(-9)). Suppose x*u + 2 = 8. Suppose -2*r = 3*f - 2, u*f = -0*f - 3*r - 7. Calculate t(f).
4
Suppose -3*l + 15 = 5*r, 15 = 3*l - 3*r + r. Let v(s) = -1. Let i(t) = 3 - 6 + 4 - t. Let w(z) = -i(z) + 4*v(z). Determine w(l).
0
Suppose -16 - 4 = -5*x. Let k(v) = v**3 - 3*v**2 - 6*v. Let j(f) = 43*f**2 - 1 + f**3 - 2*f**3 - 40*f**2 + 7*f. Let s(b) = 3*j(b) + 4*k(b). Calculate s(x).
1
Let t(k) = 4*k**3 - 4*k**2 + 3*k - 2. Let d be 5 + -8 + (-10)/(-2). What is t(d)?
20
Let t(c) = -2*c - 9. Let x be t(-6). Suppose w - 12 = -x*w. Let u(b) = -55*b - 5. Let n(i) = 119*i + 11. Let y(l) = 6*n(l) + 13*u(l). What is y(w)?
-2
Let d(t) be the third derivative of t**5/4 + t**4/12 + t**3/6 + 12*t**2. Calculate d(-1).
14
Let q(h) be the second derivative of 1/2*h**2 + h**3 + 0 + 35*h. Calculate q(-1).
-5
Let f(q) be the first derivative of 5 + 7*q - 1/4*q**4 + 8/3*q**3 - 7/2*q**2. Calculate f(7).
7
Let t(l) = 2*l**2 + 3*l - 3. Suppose -z + 12 = 7. Suppose -8 = -3*y + 1, -z*v - 2*y + 16 = 0. Determine t(v).
11
Let b(l) = -2*l**3 + 36*l**2 + 81*l - 19. Let y be b(20). Let c(h) = -h + 3. Let j(a) = -2*a + 4. Let g(w) = 4*c(w) - 3*j(w). Give g(y).
2
Let z(p) = -2*p - 9. Let n = 38 + -34. Let h be 1/((-1 + 2)*n/(-24)). Determine z(h).
3
Let v(o) = o**2 - o - 8. Suppose -6*d = -30*d + 144. What is v(d)?
22
Let o(n) = -n - 3. Let t be o(-5). Let y(j) be the second derivative of j**3/3 + j**2 - 62*j. Calculate y(t).
6
Let n(r) = -5*r + 63. Let q(z) = -2*z + 25. Let l(u) = -5*n(u) + 13*q(u). Let s(x) = x**3 - 5*x**2 + 3*x - 7. Let v be s(5). Calculate l(v).
2
Suppose -u - 1 = 4, 3*u + 39 = 4*w. Let o(f) = -f**2 - 5*f + 10. Let a be o(-6). Let m(z) = 10*z**2 - z**3 - 6*z + 2 + a - z - 3*z**2. Determine m(w).
0
Let k(u) = -u**3 + 5*u**2 + 3*u + 5. Suppose -4*f + 24 = 5*w - 2*w, -18 = -3*f - 4*w. What is k(f)?
-13
Let p(u) =